{"id":170,"date":"2019-11-07T22:24:18","date_gmt":"2019-11-07T21:24:18","guid":{"rendered":"http:\/\/integrationsbegleiter-erfurt.de\/?page_id=170"},"modified":"2019-11-07T22:45:45","modified_gmt":"2019-11-07T21:45:45","slug":"erfolgsgeschichten","status":"publish","type":"page","link":"https:\/\/www.integrationsbegleiter-erfurt.de\/?page_id=170","title":{"rendered":"Erfolgsgeschichten"},"content":{"rendered":"<div id=\"pl-170\"  class=\"panel-layout\" ><div id=\"pg-170-0\"  class=\"panel-grid panel-no-style\" ><div id=\"pgc-170-0-0\"  class=\"panel-grid-cell\" ><div id=\"panel-170-0-0-0\" class=\"so-panel widget widget_sow-image panel-first-child\" data-index=\"0\" ><div class=\"so-widget-sow-image so-widget-sow-image-default-d6014b76747a-170\">\n\n<div class=\"sow-image-container\">\n\t\t<img decoding=\"async\" src=\"https:\/\/www.integrationsbegleiter-erfurt.de\/wp-content\/uploads\/2019\/11\/erfolgsgeschichten_1.jpg\" width=\"1040\" height=\"585\" srcset=\"https:\/\/www.integrationsbegleiter-erfurt.de\/wp-content\/uploads\/2019\/11\/erfolgsgeschichten_1.jpg 1040w, https:\/\/www.integrationsbegleiter-erfurt.de\/wp-content\/uploads\/2019\/11\/erfolgsgeschichten_1-300x169.jpg 300w, https:\/\/www.integrationsbegleiter-erfurt.de\/wp-content\/uploads\/2019\/11\/erfolgsgeschichten_1-768x432.jpg 768w, https:\/\/www.integrationsbegleiter-erfurt.de\/wp-content\/uploads\/2019\/11\/erfolgsgeschichten_1-1024x576.jpg 1024w\" sizes=\"auto, (max-width: 1040px) 100vw, 1040px\" alt=\"\" loading=\"lazy\" \t\tclass=\"so-widget-image\"\/>\n\t<\/div>\n\n<\/div><\/div><div id=\"panel-170-0-0-1\" class=\"so-panel widget widget_sow-editor panel-last-child\" data-index=\"1\" ><div class=\"so-widget-sow-editor so-widget-sow-editor-base\"><h3 class=\"widget-title\">Sadegh und Rick<\/h3>\n<div class=\"siteorigin-widget-tinymce textwidget\">\n\t<ul>\n<li>Rick m\u00f6chte einen Einblick in andere Kulturen, die Lebenssituation der Gefl\u00fcchteten pers\u00f6nlich kennen lernen und einen Weg f\u00fcr das Leben in Deutschland mitgestalten<\/li>\n<li>\u00a0Sadegh m\u00f6chte sich gut auf Deutsch verst\u00e4ndigen k\u00f6nnen und Menschen au\u00dferhalb seines Kulturkreises <strong>kennen lernen<\/strong><\/li>\n<li>Beide verbindet gegenseitiges <strong>Verst\u00e4ndnis<\/strong> trotz kultureller Unterschiede<\/li>\n<\/ul>\n<blockquote>\n<p>Afghanistan und Deutschland<\/p>\n<\/blockquote>\n<\/div>\n<\/div><\/div><\/div><div id=\"pgc-170-0-1\"  class=\"panel-grid-cell\" ><div id=\"panel-170-0-1-0\" class=\"so-panel widget widget_sow-image panel-first-child\" data-index=\"2\" ><div class=\"so-widget-sow-image so-widget-sow-image-default-d6014b76747a-170\">\n\n<div class=\"sow-image-container\">\n\t\t<img decoding=\"async\" src=\"https:\/\/www.integrationsbegleiter-erfurt.de\/wp-content\/uploads\/2019\/11\/erfolgsgeschichten_2.jpg\" width=\"1040\" height=\"585\" srcset=\"https:\/\/www.integrationsbegleiter-erfurt.de\/wp-content\/uploads\/2019\/11\/erfolgsgeschichten_2.jpg 1040w, https:\/\/www.integrationsbegleiter-erfurt.de\/wp-content\/uploads\/2019\/11\/erfolgsgeschichten_2-300x169.jpg 300w, https:\/\/www.integrationsbegleiter-erfurt.de\/wp-content\/uploads\/2019\/11\/erfolgsgeschichten_2-768x432.jpg 768w, https:\/\/www.integrationsbegleiter-erfurt.de\/wp-content\/uploads\/2019\/11\/erfolgsgeschichten_2-1024x576.jpg 1024w\" sizes=\"auto, (max-width: 1040px) 100vw, 1040px\" alt=\"\" loading=\"lazy\" \t\tclass=\"so-widget-image\"\/>\n\t<\/div>\n\n<\/div><\/div><div id=\"panel-170-0-1-1\" class=\"so-panel widget widget_sow-editor panel-last-child\" data-index=\"3\" ><div class=\"so-widget-sow-editor so-widget-sow-editor-base\"><h3 class=\"widget-title\">Lida und Ann-Christin<\/h3>\n<div class=\"siteorigin-widget-tinymce textwidget\">\n\t<ul>\n<li>Lida m\u00f6chte die deutsche Sprache lernen und ihrer Familie ein <strong>friedliches und erfolgreiches Leben<\/strong> in Deutschland bieten<\/li>\n<li>Ann-Christin m\u00f6chte ihr bei der <strong>Integration<\/strong> helfen<\/li>\n<li>Beide sind <strong>unvoreingenommen<\/strong> und offen f\u00fcr andere Menschen<\/li>\n<\/ul>\n<blockquote>\n<p>Syrien und Deutschland<\/p>\n<\/blockquote>\n<\/div>\n<\/div><\/div><\/div><\/div><\/div>","protected":false},"excerpt":{"rendered":"<p>Rick m\u00f6chte einen Einblick in andere Kulturen, die Lebenssituation der Gefl\u00fcchteten pers\u00f6nlich kennen lernen und einen Weg f\u00fcr das Leben [&hellip;]<\/p>\n","protected":false},"author":1,"featured_media":0,"parent":0,"menu_order":0,"comment_status":"closed","ping_status":"closed","template":"templates\/template-fullwidth.php","meta":{"site-sidebar-layout":"default","site-content-layout":"","ast-site-content-layout":"","site-content-style":"default","site-sidebar-style":"default","ast-global-header-display":"","ast-banner-title-visibility":"","ast-main-header-display":"","ast-hfb-above-header-display":"","ast-hfb-below-header-display":"","ast-hfb-mobile-header-display":"","site-post-title":"","ast-breadcrumbs-content":"","ast-featured-img":"","footer-sml-layout":"","theme-transparent-header-meta":"","adv-header-id-meta":"","stick-header-meta":"","header-above-stick-meta":"","header-main-stick-meta":"","header-below-stick-meta":"","astra-migrate-meta-layouts":"default","ast-page-background-enabled":"default","ast-page-background-meta":{"desktop":{"background-color":"var(--ast-global-color-5)","background-image":"","background-repeat":"repeat","background-position":"center center","background-size":"auto","background-attachment":"scroll","background-type":"","background-media":"","overlay-type":"","overlay-color":"","overlay-opacity":"","overlay-gradient":""},"tablet":{"background-color":"","background-image":"","background-repeat":"repeat","background-position":"center center","background-size":"auto","background-attachment":"scroll","background-type":"","background-media":"","overlay-type":"","overlay-color":"","overlay-opacity":"","overlay-gradient":""},"mobile":{"background-color":"","background-image":"","background-repeat":"repeat","background-position":"center center","background-size":"auto","background-attachment":"scroll","background-type":"","background-media":"","overlay-type":"","overlay-color":"","overlay-opacity":"","overlay-gradient":""}},"ast-content-background-meta":{"desktop":{"background-color":"var(--ast-global-color-4)","background-image":"","background-repeat":"repeat","background-position":"center center","background-size":"auto","background-attachment":"scroll","background-type":"","background-media":"","overlay-type":"","overlay-color":"","overlay-opacity":"","overlay-gradient":""},"tablet":{"background-color":"var(--ast-global-color-4)","background-image":"","background-repeat":"repeat","background-position":"center center","background-size":"auto","background-attachment":"scroll","background-type":"","background-media":"","overlay-type":"","overlay-color":"","overlay-opacity":"","overlay-gradient":""},"mobile":{"background-color":"var(--ast-global-color-4)","background-image":"","background-repeat":"repeat","background-position":"center center","background-size":"auto","background-attachment":"scroll","background-type":"","background-media":"","overlay-type":"","overlay-color":"","overlay-opacity":"","overlay-gradient":""}},"footnotes":""},"class_list":["post-170","page","type-page","status-publish","hentry"],"_links":{"self":[{"href":"https:\/\/www.integrationsbegleiter-erfurt.de\/index.php?rest_route=\/wp\/v2\/pages\/170","targetHints":{"allow":["GET"]}}],"collection":[{"href":"https:\/\/www.integrationsbegleiter-erfurt.de\/index.php?rest_route=\/wp\/v2\/pages"}],"about":[{"href":"https:\/\/www.integrationsbegleiter-erfurt.de\/index.php?rest_route=\/wp\/v2\/types\/page"}],"author":[{"embeddable":true,"href":"https:\/\/www.integrationsbegleiter-erfurt.de\/index.php?rest_route=\/wp\/v2\/users\/1"}],"replies":[{"embeddable":true,"href":"https:\/\/www.integrationsbegleiter-erfurt.de\/index.php?rest_route=%2Fwp%2Fv2%2Fcomments&post=170"}],"version-history":[{"count":0,"href":"https:\/\/www.integrationsbegleiter-erfurt.de\/index.php?rest_route=\/wp\/v2\/pages\/170\/revisions"}],"wp:attachment":[{"href":"https:\/\/www.integrationsbegleiter-erfurt.de\/index.php?rest_route=%2Fwp%2Fv2%2Fmedia&parent=170"}],"curies":[{"name":"wp","href":"https:\/\/api.w.org\/{rel}","templated":true}]}}

<div id="pl-170"  class="panel-layout" ><div id="pg-170-0"  class="panel-grid panel-no-style" ><div id="pgc-170-0-0"  class="panel-grid-cell" ><div id="panel-170-0-0-0" class="so-panel widget widget_sow-image panel-first-child" data-index="0" ><div class="so-widget-sow-image so-widget-sow-image-default-d6014b76747a-170">

<div class="sow-image-container">
		<img decoding="async" src="https://www.integrationsbegleiter-erfurt.de/wp-content/uploads/2019/11/erfolgsgeschichten_1.jpg" width="1040" height="585" srcset="https://www.integrationsbegleiter-erfurt.de/wp-content/uploads/2019/11/erfolgsgeschichten_1.jpg 1040w, https://www.integrationsbegleiter-erfurt.de/wp-content/uploads/2019/11/erfolgsgeschichten_1-300x169.jpg 300w, https://www.integrationsbegleiter-erfurt.de/wp-content/uploads/2019/11/erfolgsgeschichten_1-768x432.jpg 768w, https://www.integrationsbegleiter-erfurt.de/wp-content/uploads/2019/11/erfolgsgeschichten_1-1024x576.jpg 1024w" sizes="auto, (max-width: 1040px) 100vw, 1040px" alt="" loading="lazy" 		class="so-widget-image"/>
	</div>

</div></div><div id="panel-170-0-0-1" class="so-panel widget widget_sow-editor panel-last-child" data-index="1" ><div class="so-widget-sow-editor so-widget-sow-editor-base"><h3 class="widget-title">Sadegh und Rick</h3>
<div class="siteorigin-widget-tinymce textwidget">
	<ul>
<li>Rick möchte einen Einblick in andere Kulturen, die Lebenssituation der Geflüchteten persönlich kennen lernen und einen Weg für das Leben in Deutschland mitgestalten</li>
<li> Sadegh möchte sich gut auf Deutsch verständigen können und Menschen außerhalb seines Kulturkreises <strong>kennen lernen</strong></li>
<li>Beide verbindet gegenseitiges <strong>Verständnis</strong> trotz kultureller Unterschiede</li>
</ul>
<blockquote>
<p>Afghanistan und Deutschland</p>
</blockquote>
</div>
</div></div></div><div id="pgc-170-0-1"  class="panel-grid-cell" ><div id="panel-170-0-1-0" class="so-panel widget widget_sow-image panel-first-child" data-index="2" ><div class="so-widget-sow-image so-widget-sow-image-default-d6014b76747a-170">

<div class="sow-image-container">
		<img decoding="async" src="https://www.integrationsbegleiter-erfurt.de/wp-content/uploads/2019/11/erfolgsgeschichten_2.jpg" width="1040" height="585" srcset="https://www.integrationsbegleiter-erfurt.de/wp-content/uploads/2019/11/erfolgsgeschichten_2.jpg 1040w, https://www.integrationsbegleiter-erfurt.de/wp-content/uploads/2019/11/erfolgsgeschichten_2-300x169.jpg 300w, https://www.integrationsbegleiter-erfurt.de/wp-content/uploads/2019/11/erfolgsgeschichten_2-768x432.jpg 768w, https://www.integrationsbegleiter-erfurt.de/wp-content/uploads/2019/11/erfolgsgeschichten_2-1024x576.jpg 1024w" sizes="auto, (max-width: 1040px) 100vw, 1040px" alt="" loading="lazy" 		class="so-widget-image"/>
	</div>

</div></div><div id="panel-170-0-1-1" class="so-panel widget widget_sow-editor panel-last-child" data-index="3" ><div class="so-widget-sow-editor so-widget-sow-editor-base"><h3 class="widget-title">Lida und Ann-Christin</h3>
<div class="siteorigin-widget-tinymce textwidget">
	<ul>
<li>Lida möchte die deutsche Sprache lernen und ihrer Familie ein <strong>friedliches und erfolgreiches Leben</strong> in Deutschland bieten</li>
<li>Ann-Christin möchte ihr bei der <strong>Integration</strong> helfen</li>
<li>Beide sind <strong>unvoreingenommen</strong> und offen für andere Menschen</li>
</ul>
<blockquote>
<p>Syrien und Deutschland</p>
</blockquote>
</div>
</div></div></div></div></div>

<p>Rick möchte einen Einblick in andere Kulturen, die Lebenssituation der Geflüchteten persönlich kennen lernen und einen Weg für das Leben [&hellip;]</p>
